10)/g)?
2
Suppose 8*y = 11*y + r - 89, 4*y - 116 = -2*r. Suppose -3*a - x = -0*x - 538, 4*x + 563 = 3*a. Calculate the remainder when a is divided by y.
26
Let f be (-2268)/90*(-10)/6. Suppose 5*d - f = w + 14, -5*w - 27 = -2*d. Calculate the remainder when 42 is divided by d.
9
Let y(g) = -4*g - 44. Suppose -147 - 91 = -17*o. Calculate the remainder when o is divided by y(-13).
6
What is the remainder when ((-264)/(-18))/22 + (-385)/(-3) is divided by 110?
19
Suppose -2*y = -v + 303, -44*y - 1475 = -5*v - 42*y. Calculate the remainder when v is divided by 27.
23
Suppose -39*r = -83*r + 3300. Calculate the remainder when 597 is divided by r.
72
Suppose 5*v - 196 = 3*z - 2*z, 4*v = -17*z + 228. Calculate the remainder when 561 is divided by v.
1
Let d = -2 + 1. Let z(v) = 2*v**2 + 26*v + 89. Calculate the remainder when z(-14) is divided by (d/(-2))/(1/48).
21
Suppose -7 = -o - 4. Suppose o*h = -h + 40. Calculate the remainder when h is divided by (-42)/(-8) - ((-102)/(-216) - (-20)/(-90)).
0
Suppose -4*m + 69*x = 72*x - 992, 5*m = 4*x + 1209. What is the remainder when 246 is divided by m?
1
Let j = 21260 - 21226. Calculate the remainder when 3461 is divided by j.
27
Calculate the remainder when (-72)/(-10)*(46 + (-72)/(-8)) is divided by 117.
45
Let f(b) = -b**2 - 27*b + 52. Let p = -228 + 200. What is the remainder when f(p) is divided by 9?
6
Let c(w) = -w + 1. Let k be c(3). Let o = -7198 - -7303. What is the remainder when o is divided by 436/16 + k/8?
24
Let v = 3155 + -3138. Suppose 4*u + 4*o = 124, 3*u + 2*o = 7*u - 118. Calculate the remainder when u is divided by v.
13
Suppose -3*i + 8 = 2*u - 23, u = -4*i + 18. Suppose 3*n - 22 = 5*d + 3, -2*d - 37 = -3*n. Suppose t = -2*t + n. What is the remainder when u is divided by t?
4
Suppose 43*d + 6591 = 2*z + 42*d, -4*d = 4*z - 13164. Calculate the remainder when z is divided by 157.
154
Let o(v) = -117*v - 2188. What is the remainder when 244 is divided by o(-19)?
34
Let o(p) = 3*p**2 + 12*p + 10. Let g(d) = d**2 + 28*d - 34. Let l be g(-29). Calculate the remainder when 222 is divided by o(l).
22
Let m(s) = -240*s + 13456. What is the remainder when 132 is divided by m(56)?
4
Let w(q) = -11*q - 193. Let y be (-6)/13 - 840/39. Calculate the remainder when w(y) is divided by 10.
9
Let q(u) = u**2 - 4. Let h be q(-2). Suppose 3*b + 0 - 12 = h. Suppose -9 = 3*m, -b*z - 4*m - 4 = -104. What is the remainder when z is divided by 10?
8
Let z(u) = 12*u - 11. Let k(q) = q**3 + 4*q**2 - 6*q - 10. Let x be k(-5). Let i be z(x). Let o = i + 111. What is the remainder when o is divided by 21?
19
Let t be ((-256)/(-24))/16*3846/4. Let b = t + -4. What is the remainder when b is divided by 80?
77
Suppose -346 + 2432 = 7*p. Suppose -3*d - 2*w + 302 = 0, -3*d - 3*w = w - p. Calculate the remainder when d is divided by 41.
20
Let b(n) = 11 - 1481*n**2 + 1482*n**2 + 4 + n. Let p(m) = -4*m. What is the remainder when b(5) is divided by p(-4)?
13
Suppose -2*f + 50 = 2*j, 6*f - 3*f - 2*j - 55 = 0. What is the remainder when f is divided by -20 + 0 + 19 - (24/(-2) + 0)?
10
Suppose -9522 = -5*j - 2*a, 27 = 7*a - 15. What is the remainder when j is divided by 34?
32
Suppose 2607 = -40*x + 43*x + 2*n, -12 = -2*n. Calculate the remainder when x is divided by 79.
75
Let q be (11 - 12 - -1) + (1 - 0). Calculate the remainder when 125 is divided by q/9 + 6058/234.
21
Let n(r) = r**3 + 6*r**2 - 5*r - 11. Let d be (4 + (-12)/3)/1. Suppose w + 5 = -d*w. Calculate the remainder when n(w) is divided by 15.
9
Suppose 2*k - 91 - 19 = 0. Let s(p) = 26*p**2 + 450*p - 1367. Calculate the remainder when s(3) is divided by k.
52
Let y(r) = r**2 + r + 1. Let z be y(1). Suppose 3*q - 196 = -2*a, 4*a = -z*q + q + 408. Let i = -48 + a. What is the remainder when 166 is divided by i?
54
Let p = -3025 - -3267. What is the remainder when p is divided by 21?
11
Let k(p) = -72*p + 69. Calculate the remainder when 239 is divided by k(-1).
98
Suppose 1117 = l - 741*y + 745*y, -4*l = -3*y - 4525. What is the remainder when l is divided by 33?
7
Let m(c) = -6*c + 2. Let x = 635 + -497. Let q = x - 118. What is the remainder when m(-5) is divided by q?
12
Let y(c) = c**3 + 3*c**2 - c - 3. Let t be y(-2). Suppose 0 = t*b - 304 - 284. Let j = -115 + b. Calculate the remainder when j is divided by 17.
13
Let d = 40 - -24. Suppose 3*t = d + 20. What is the remainder when (-15)/(-6)*-2*(-1640)/100 is divided by t?
26
Let a(g) = -g**3 + 139*g**2 - 1972*g + 573. Let x = 23 + -9. What is the remainder when a(123) is divided by x?
11
Let g = 551778 - 551701. Let h(f) = 76*f**2 - 2*f - 2. Calculate the remainder when h(-2) is divided by g.
75
Suppose 5*l - 158 = -3*p, -13*p + 8*p = 5*l - 260. What is the remainder when p is divided by -1 - (0 - -14)*-1?
12
Let j(k) = -38*k - 40. Let h be j(-7). Suppose 5*b = -5*c + 600, 152 = 5*b + 3*c - 442. Let m = h - b. What is the remainder when m is divided by 28?
25
Let i = -1468 - -6423. Calculate the remainder when i is divided by 177.
176
Let i be ((-29)/87)/((-2)/48). Calculate the remainder when 152 is divided by 72/(-28)*(1 - i).
8
Let z(w) = w**2 - 9*w + 8. Let x be z(8). Suppose x = -3*b - 9, 5*b - 21 = 5*p - 76. Let k = -28 + 58. Calculate the remainder when k is divided by p.
6
Let b(y) = 5*y**2 - 130*y - 325. What is the remainder when b(32) is divided by 89?
12
Calculate the remainder when (-1*2044/(-35))/(312/(-40) - -8) is divided by 98/((-3)/(3*-1)).
96
Let l(x) = 320*x**2 - 3. Calculate the remainder when l(-2) is divided by 64.
61
Suppose 33*x - 21*x - 2716 = -16*x. Calculate the remainder when 204 is divided by x.
10
Let k(t) = t**3 - 7*t**2 + 8*t - 35. Let i(w) = 2*w + 37. Let m be i(-15). Calculate the remainder when k(m) is divided by 11.
10
Let i(k) = k**2 + 2*k + 23. Suppose -4*l + 42 + 6 = 0. Let c = l + -2. Calculate the remainder when i(c) is divided by 36.
35
Let y = -82 - -33. Let c = y + 69. Let l(n) = n**3 + 11*n**2 - 17*n - 23. What is the remainder when l(-12) is divided by c?
17
Let g(z) = 15*z + 6 - 6*z - 2 + 15*z. Let k be g(1). Let q = -11 + k. What is the remainder when q is divided by 4?
1
Let v = 28 - 6. Let s = -20 + v. Suppose -3*l + 30 = -l + 3*z, 30 = s*l - 4*z. Calculate the remainder when 58 is divided by l.
13
Let i(k) = k**3 - k**2 - 2*k + 2. Let m(j) = 23*j - 4*j + 76 - 20*j. What is the remainder when m(23) is divided by i(3)?
11
Let m = 23386 + -15276. Calculate the remainder when m is divided by 104.
102
Suppose 64816 = 39*d - 4760. What is the remainder when d is divided by 149?
145
Let l = -253 - -286. Suppose 0 = -46*s + l*s + 3991. Calculate the remainder when s is divided by 31.
28
Suppose -13*j = -25*j + 36. Suppose -j*l = -g + 2*l + 38, -2*l = -3*g + 153. What is the remainder when 253 is divided by g?
41
Let m be 11 - ((-18)/2)/3. Let s be (0 - -2)*(-1799)/m. Let y = 368 + s. What is the remainder when y is divided by 39?
33
What is the remainder when 760 is divided by (-84)/392*(-2 - 92) + 2/(-14)?
0
Let o be 0 - -1 - (72/4 + -1). Calculate the remainder when 1/(-1) + 2 - (-67 + o) is divided by 7.
0
Let c = 6 - 1. What is the remainder when (-474)/8*208/(-156) is divided by 25 - (0 - (-3 + c))?
25
Let u(c) = -c**3 - 16*c**2 + 19. Let s(y) = 9*y + 25. Let n(v) = 9*v + 24. Let m(k) = -3*n(k) + 4*s(k). What is the remainder when m(5) is divided by u(-16)?
16
Suppose -3*k = 3*p + 36 - 411, -p + 111 = 3*k. Calculate the remainder when p is divided by 68.
64
Suppose 3859 = 12*x - 3705 + 940. Calculate the remainder when 1680 is divided by x.
24
Suppose -52 = -5*z + 8. Let j(m) be the first derivative of -m**4/4 - 7*m**3/3 - 3*m**2/2 + 17*m - 28. What is the remainder when j(-8) is divided by z?
9
Let v(n) = n**2 - 35*n + 399. Calculate the remainder when 547 is divided by v(13).
95
Let a(g) = -g**3 - g**2 + 13*g + 15. Let c be a(-9). Let j = c + -330. What is the remainder when j is divided by 31?
30
Suppose 0*x - x - 4*o + 37 = 0, x - 4*o - 29 = 0. What is the remainder when 164 is divided by x?
32
Suppose 27*v - 491 = 3262. What is the remainder when v is divided by 16?
11
Let r(t) = t**3 + 7*t**2 - 18*t + 9. Let o be r(-9). Let c = -11 + o. Calculate the remainder when ((-1593)/54)/(1/c) is divided by 16.
11
Calculate the remainder when 1266 is divid